{"id":2128,"date":"2020-11-19T14:07:34","date_gmt":"2020-11-19T14:07:34","guid":{"rendered":"https:\/\/www.conseg.pt\/fr\/?page_id=2128"},"modified":"2020-11-19T14:32:00","modified_gmt":"2020-11-19T14:32:00","slug":"prive-accident-au-travail","status":"publish","type":"page","link":"https:\/\/www.conseg.pt\/fr\/assurance-prive\/prive-accident-au-travail\/","title":{"rendered":"Accident au travail"},"content":{"rendered":"<p>[vc_row][vc_column width=&#8221;2\/3&#8243;]<div id=\"ultimate-heading-624069f2814a81e89\" class=\"uvc-heading ult-adjust-bottom-margin ultimate-heading-624069f2814a81e89 uvc-6322 \" data-hspacer=\"no_spacer\"  data-halign=\"left\" style=\"text-align:left\"><div class=\"uvc-heading-spacer no_spacer\" style=\"top\"><\/div><div class=\"uvc-main-heading ult-responsive\"  data-ultimate-target='.uvc-heading.ultimate-heading-624069f2814a81e89 h2'  data-responsive-json-new='{\"font-size\":\"\",\"line-height\":\"\"}' ><h2 style=\"font-weight:normal;margin-bottom:10px;\">L'assurance accidents en milieu de travail est obligatoire par la loi<\/h2><\/div><div class=\"uvc-sub-heading ult-responsive\"  data-ultimate-target='.uvc-heading.ultimate-heading-624069f2814a81e89 .uvc-sub-heading '  data-responsive-json-new='{\"font-size\":\"\",\"line-height\":\"\"}'  style=\"font-weight:normal;\"><br \/>\n<\/div><\/div>[vc_column_text]<\/p>\n<p> L&#8217;assurance contre les accidents du travail est obligatoire par la loi, et parce que personne n&#8217;est libre d&#8217;avoir un accident au travail. Il s&#8217;agit d&#8217;une assurance qui garantit votre stabilit\u00e9 financi\u00e8re et celle de la v\u00f4tre, au cas o\u00f9 vous ne seriez pas en mesure de travailler. [\/vc_column_text]<div id=\"ultimate-heading-408369f2814a81f1f\" class=\"uvc-heading ult-adjust-bottom-margin ultimate-heading-408369f2814a81f1f uvc-1896 \" data-hspacer=\"no_spacer\"  data-halign=\"left\" style=\"text-align:left\"><div class=\"uvc-heading-spacer no_spacer\" style=\"top\"><\/div><div class=\"uvc-main-heading ult-responsive\"  data-ultimate-target='.uvc-heading.ultimate-heading-408369f2814a81f1f h2'  data-responsive-json-new='{\"font-size\":\"\",\"line-height\":\"\"}' ><h2 style=\"font-weight:normal;margin-bottom:10px;\">Couverture d'assurance contre les accidents du travail<\/h2><\/div><div class=\"uvc-sub-heading ult-responsive\"  data-ultimate-target='.uvc-heading.ultimate-heading-408369f2814a81f1f .uvc-sub-heading '  data-responsive-json-new='{\"font-size\":\"\",\"line-height\":\"\"}'  style=\"font-weight:normal;\"><br \/>\n<\/div><\/div>[vc_column_text] Accident du travail garanti par la Police: prestations de nature m\u00e9dicale, chirurgicale, pharmaceutique, hospitali\u00e8re et de toute autre nature \u00e0 condition qu&#8217;elles soient n\u00e9cessaires et ad\u00e9quates pour r\u00e9tablir l&#8217;\u00e9tat de sant\u00e9 et la capacit\u00e9 de travailler ou de gagner et de retrouver une vie active.<br \/>\n[\/vc_column_text]<div class=\"uavc-list-icon uavc-list-icon-wrapper ult-adjust-bottom-margin   \"><ul class=\"uavc-list\"><li><div class=\"uavc-list-content\" id=\"list-icon-wrap-9498\">\n<div class=\"uavc-list-icon  \" data-animation=\"\" data-animation-delay=\"03\" style=\"margin-right:10px;\"><div class=\"ult-just-icon-wrapper  \"><div class=\"align-icon\" style=\"text-align:center;\">\n<div class=\"aio-icon none \"  style=\"color:#443d84;font-size:16px;display:inline-block;\">\n\t<i class=\"Defaults-check\"><\/i>\n<\/div><\/div><\/div>\n<\/div><span  data-ultimate-target='#list-icon-wrap-9498 .uavc-list-desc'  data-responsive-json-new='{\"font-size\":\"\",\"line-height\":\"\"}'  class=\"uavc-list-desc ult-responsive\" style=\"\"> <strong> D\u00e9c\u00e8s<br \/>\n<\/strong> &#8211; Pensions des membres de la famille<br \/>\n&#8211; Indemnit\u00e9 de d\u00e9c\u00e8s<br \/>\n&#8211; Allocation pour frais fun\u00e9raires <\/span><\/div><\/li><li><div class=\"uavc-list-content\" id=\"list-icon-wrap-6046\">\n<div class=\"uavc-list-icon  \" data-animation=\"\" data-animation-delay=\"03\" style=\"margin-right:10px;\"><div class=\"ult-just-icon-wrapper  \"><div class=\"align-icon\" style=\"text-align:center;\">\n<div class=\"aio-icon none \"  style=\"color:#443d84;font-size:16px;display:inline-block;\">\n\t<i class=\"Defaults-check\"><\/i>\n<\/div><\/div><\/div>\n<\/div><span  data-ultimate-target='#list-icon-wrap-6046 .uavc-list-desc'  data-responsive-json-new='{\"font-size\":\"\",\"line-height\":\"\"}'  class=\"uavc-list-desc ult-responsive\" style=\"\"><strong> Invalidit\u00e9 permanente absolue ou partielle<br \/>\n<\/strong> &#8211; Pension viag\u00e8re ou allocation de capital<br \/>\n&#8211; Allocation pour invalidit\u00e9 permanente \u00e9lev\u00e9e<br \/>\n&#8211; Allocation de r\u00e9habilitation de logement<br \/>\n&#8211; Prestation de pension compl\u00e9mentaire pour assistance aux tiers<br \/>\n&#8211; Subvention pour la fr\u00e9quence des actions dans le cadre de la r\u00e9adaptation professionnelle<br \/>\n<\/span><\/div><\/li><li><div class=\"uavc-list-content\" id=\"list-icon-wrap-1440\">\n<div class=\"uavc-list-icon  \" data-animation=\"\" data-animation-delay=\"03\" style=\"margin-right:10px;\"><div class=\"ult-just-icon-wrapper  \"><div class=\"align-icon\" style=\"text-align:center;\">\n<div class=\"aio-icon none \"  style=\"color:#443d84;font-size:16px;display:inline-block;\">\n\t<i class=\"Defaults-check\"><\/i>\n<\/div><\/div><\/div>\n<\/div><span  data-ultimate-target='#list-icon-wrap-1440 .uavc-list-desc'  data-responsive-json-new='{\"font-size\":\"\",\"line-height\":\"\"}'  class=\"uavc-list-desc ult-responsive\" style=\"\"><\/p>\n<p> <strong> Invalidit\u00e9 temporaire absolue ou partielle <br \/>\n<\/strong> &#8211; R\u00e9mun\u00e9ration journali\u00e8re<br \/>\n<\/span><\/div><\/li><\/ul><\/div><a href=\"http:\/\/www.conseg.pt\/contactos\" class=\"btn-shortcode dt-btn-m dt-btn default-btn-color default-btn-hover-color default-btn-bg-color default-btn-bg-hover-color\" id=\"dt-btn-1\"><i class=\"fa fa-info-circle\"><\/i><span>Contactez-nous<\/span><\/a>[\/vc_column][vc_column width=&#8221;1\/3&#8243;][vc_single_image image=&#8221;1609&#8243; img_size=&#8221;full&#8221; alignment=&#8221;center&#8221;][\/vc_column][\/vc_row]<\/p>\n","protected":false},"excerpt":{"rendered":"<p>[vc_row][vc_column width=&#8221;2\/3&#8243;]L&#8217;assurance accidents en milieu de travail est obligatoire par la loi [vc_column_text] L&#8217;assurance contre les accidents du travail est obligatoire par la loi, et parce que personne n&#8217;est libre d&#8217;avoir un accident au travail. Il s&#8217;agit d&#8217;une assurance qui garantit votre stabilit\u00e9 financi\u00e8re et celle de la v\u00f4tre, au cas o\u00f9 vous ne seriez&hellip;<\/p>\n","protected":false},"author":1,"featured_media":0,"parent":2015,"menu_order":4,"comment_status":"closed","ping_status":"closed","template":"","meta":[],"yoast_head":"<!-- This site is optimized with the Yoast SEO plugin v15.9 - https:\/\/yoast.com\/wordpress\/plugins\/seo\/ -->\n<title>Accident au travail | Conseg<\/title>\n<meta name=\"robots\" content=\"index, follow, max-snippet:-1, max-image-preview:large, max-video-preview:-1\" \/>\n<link rel=\"canonical\" href=\"https:\/\/www.conseg.pt\/fr\/assurance-prive\/prive-accident-au-travail\/\" \/>\n<meta property=\"og:locale\" content=\"fr_FR\" \/>\n<meta property=\"og:type\" content=\"article\" \/>\n<meta property=\"og:title\" content=\"Accident au travail | Conseg\" \/>\n<meta property=\"og:url\" content=\"https:\/\/www.conseg.pt\/fr\/assurance-prive\/prive-accident-au-travail\/\" \/>\n<meta property=\"og:site_name\" content=\"Conseg\" \/>\n<meta property=\"article:publisher\" content=\"https:\/\/www.facebook.com\/Conseg.pt\/\" \/>\n<meta property=\"article:modified_time\" content=\"2020-11-19T14:32:00+00:00\" \/>\n<meta property=\"og:image\" content=\"https:\/\/www.conseg.pt\/wp-content\/uploads\/2020\/11\/Logo_Conseg-01-e1604333642146.png\" \/>\n\t<meta property=\"og:image:width\" content=\"500\" \/>\n\t<meta property=\"og:image:height\" content=\"313\" \/>\n<meta name=\"twitter:card\" content=\"summary\" \/>\n<meta name=\"twitter:label1\" content=\"Est. reading time\">\n\t<meta name=\"twitter:data1\" content=\"2 minutes\">\n<script type=\"application\/ld+json\" class=\"yoast-schema-graph\">{\"@context\":\"https:\/\/schema.org\",\"@graph\":[{\"@type\":\"Organization\",\"@id\":\"https:\/\/www.conseg.pt\/#organization\",\"name\":\"Conseg seguros\",\"url\":\"https:\/\/www.conseg.pt\/\",\"sameAs\":[\"https:\/\/www.facebook.com\/Conseg.pt\/\",\"https:\/\/www.instagram.com\/conseg.pt\/\"],\"logo\":{\"@type\":\"ImageObject\",\"@id\":\"https:\/\/www.conseg.pt\/#logo\",\"inLanguage\":\"fr-FR\",\"url\":\"https:\/\/www.conseg.pt\/wp-content\/uploads\/2020\/11\/Logo_Conseg-01-e1604333642146.png\",\"width\":500,\"height\":313,\"caption\":\"Conseg seguros\"},\"image\":{\"@id\":\"https:\/\/www.conseg.pt\/#logo\"}},{\"@type\":\"WebSite\",\"@id\":\"https:\/\/www.conseg.pt\/#website\",\"url\":\"https:\/\/www.conseg.pt\/\",\"name\":\"Conseg\",\"description\":\"Seguros\",\"publisher\":{\"@id\":\"https:\/\/www.conseg.pt\/#organization\"},\"potentialAction\":[{\"@type\":\"SearchAction\",\"target\":\"https:\/\/www.conseg.pt\/?s={search_term_string}\",\"query-input\":\"required name=search_term_string\"}],\"inLanguage\":\"fr-FR\"},{\"@type\":\"WebPage\",\"@id\":\"https:\/\/www.conseg.pt\/fr\/assurance-prive\/prive-accident-au-travail\/#webpage\",\"url\":\"https:\/\/www.conseg.pt\/fr\/assurance-prive\/prive-accident-au-travail\/\",\"name\":\"Accident au travail | Conseg\",\"isPartOf\":{\"@id\":\"https:\/\/www.conseg.pt\/#website\"},\"datePublished\":\"2020-11-19T14:07:34+00:00\",\"dateModified\":\"2020-11-19T14:32:00+00:00\",\"breadcrumb\":{\"@id\":\"https:\/\/www.conseg.pt\/fr\/assurance-prive\/prive-accident-au-travail\/#breadcrumb\"},\"inLanguage\":\"fr-FR\",\"potentialAction\":[{\"@type\":\"ReadAction\",\"target\":[\"https:\/\/www.conseg.pt\/fr\/assurance-prive\/prive-accident-au-travail\/\"]}]},{\"@type\":\"BreadcrumbList\",\"@id\":\"https:\/\/www.conseg.pt\/fr\/assurance-prive\/prive-accident-au-travail\/#breadcrumb\",\"itemListElement\":[{\"@type\":\"ListItem\",\"position\":1,\"item\":{\"@type\":\"WebPage\",\"@id\":\"https:\/\/www.conseg.pt\/fr\/\",\"url\":\"https:\/\/www.conseg.pt\/fr\/\",\"name\":\"Home\"}},{\"@type\":\"ListItem\",\"position\":2,\"item\":{\"@type\":\"WebPage\",\"@id\":\"https:\/\/www.conseg.pt\/fr\/assurance-prive\/\",\"url\":\"https:\/\/www.conseg.pt\/fr\/assurance-prive\/\",\"name\":\"Assurance Priv\\u00e9\"}},{\"@type\":\"ListItem\",\"position\":3,\"item\":{\"@type\":\"WebPage\",\"@id\":\"https:\/\/www.conseg.pt\/fr\/assurance-prive\/prive-accident-au-travail\/\",\"url\":\"https:\/\/www.conseg.pt\/fr\/assurance-prive\/prive-accident-au-travail\/\",\"name\":\"Accident au travail\"}}]}]}<\/script>\n<!-- \/ Yoast SEO plugin. -->","_links":{"self":[{"href":"https:\/\/www.conseg.pt\/fr\/wp-json\/wp\/v2\/pages\/2128"}],"collection":[{"href":"https:\/\/www.conseg.pt\/fr\/wp-json\/wp\/v2\/pages"}],"about":[{"href":"https:\/\/www.conseg.pt\/fr\/wp-json\/wp\/v2\/types\/page"}],"author":[{"embeddable":true,"href":"https:\/\/www.conseg.pt\/fr\/wp-json\/wp\/v2\/users\/1"}],"replies":[{"embeddable":true,"href":"https:\/\/www.conseg.pt\/fr\/wp-json\/wp\/v2\/comments?post=2128"}],"version-history":[{"count":7,"href":"https:\/\/www.conseg.pt\/fr\/wp-json\/wp\/v2\/pages\/2128\/revisions"}],"predecessor-version":[{"id":2143,"href":"https:\/\/www.conseg.pt\/fr\/wp-json\/wp\/v2\/pages\/2128\/revisions\/2143"}],"up":[{"embeddable":true,"href":"https:\/\/www.conseg.pt\/fr\/wp-json\/wp\/v2\/pages\/2015"}],"wp:attachment":[{"href":"https:\/\/www.conseg.pt\/fr\/wp-json\/wp\/v2\/media?parent=2128"}],"curies":[{"name":"wp","href":"https:\/\/api.w.org\/{rel}","templated":true}]}}

<p>[vc_row][vc_column width=&#8221;2/3&#8243;]<div id="ultimate-heading-624069f2814a81e89" class="uvc-heading ult-adjust-bottom-margin ultimate-heading-624069f2814a81e89 uvc-6322 " data-hspacer="no_spacer"  data-halign="left" style="text-align:left"><div class="uvc-heading-spacer no_spacer" style="top"></div><div class="uvc-main-heading ult-responsive"  data-ultimate-target='.uvc-heading.ultimate-heading-624069f2814a81e89 h2'  data-responsive-json-new='{"font-size":"","line-height":""}' ><h2 style="font-weight:normal;margin-bottom:10px;">L'assurance accidents en milieu de travail est obligatoire par la loi</h2></div><div class="uvc-sub-heading ult-responsive"  data-ultimate-target='.uvc-heading.ultimate-heading-624069f2814a81e89 .uvc-sub-heading '  data-responsive-json-new='{"font-size":"","line-height":""}'  style="font-weight:normal;"><br />
</div></div>[vc_column_text]</p>
<p> L&#8217;assurance contre les accidents du travail est obligatoire par la loi, et parce que personne n&#8217;est libre d&#8217;avoir un accident au travail. Il s&#8217;agit d&#8217;une assurance qui garantit votre stabilité financière et celle de la vôtre, au cas où vous ne seriez pas en mesure de travailler. [/vc_column_text]<div id="ultimate-heading-408369f2814a81f1f" class="uvc-heading ult-adjust-bottom-margin ultimate-heading-408369f2814a81f1f uvc-1896 " data-hspacer="no_spacer"  data-halign="left" style="text-align:left"><div class="uvc-heading-spacer no_spacer" style="top"></div><div class="uvc-main-heading ult-responsive"  data-ultimate-target='.uvc-heading.ultimate-heading-408369f2814a81f1f h2'  data-responsive-json-new='{"font-size":"","line-height":""}' ><h2 style="font-weight:normal;margin-bottom:10px;">Couverture d'assurance contre les accidents du travail</h2></div><div class="uvc-sub-heading ult-responsive"  data-ultimate-target='.uvc-heading.ultimate-heading-408369f2814a81f1f .uvc-sub-heading '  data-responsive-json-new='{"font-size":"","line-height":""}'  style="font-weight:normal;"><br />
</div></div>[vc_column_text] Accident du travail garanti par la Police: prestations de nature médicale, chirurgicale, pharmaceutique, hospitalière et de toute autre nature à condition qu&#8217;elles soient nécessaires et adéquates pour rétablir l&#8217;état de santé et la capacité de travailler ou de gagner et de retrouver une vie active.<br />
[/vc_column_text]<div class="uavc-list-icon uavc-list-icon-wrapper ult-adjust-bottom-margin   "><ul class="uavc-list"><li><div class="uavc-list-content" id="list-icon-wrap-9498">
<div class="uavc-list-icon  " data-animation="" data-animation-delay="03" style="margin-right:10px;"><div class="ult-just-icon-wrapper  "><div class="align-icon" style="text-align:center;">
<div class="aio-icon none "  style="color:#443d84;font-size:16px;display:inline-block;">
	<i class="Defaults-check"></i>
</div></div></div>
</div><span  data-ultimate-target='#list-icon-wrap-9498 .uavc-list-desc'  data-responsive-json-new='{"font-size":"","line-height":""}'  class="uavc-list-desc ult-responsive" style=""> <strong> Décès<br />
</strong> &#8211; Pensions des membres de la famille<br />
&#8211; Indemnité de décès<br />
&#8211; Allocation pour frais funéraires </span></div></li><li><div class="uavc-list-content" id="list-icon-wrap-6046">
<div class="uavc-list-icon  " data-animation="" data-animation-delay="03" style="margin-right:10px;"><div class="ult-just-icon-wrapper  "><div class="align-icon" style="text-align:center;">
<div class="aio-icon none "  style="color:#443d84;font-size:16px;display:inline-block;">
	<i class="Defaults-check"></i>
</div></div></div>
</div><span  data-ultimate-target='#list-icon-wrap-6046 .uavc-list-desc'  data-responsive-json-new='{"font-size":"","line-height":""}'  class="uavc-list-desc ult-responsive" style=""><strong> Invalidité permanente absolue ou partielle<br />
</strong> &#8211; Pension viagère ou allocation de capital<br />
&#8211; Allocation pour invalidité permanente élevée<br />
&#8211; Allocation de réhabilitation de logement<br />
&#8211; Prestation de pension complémentaire pour assistance aux tiers<br />
&#8211; Subvention pour la fréquence des actions dans le cadre de la réadaptation professionnelle<br />
</span></div></li><li><div class="uavc-list-content" id="list-icon-wrap-1440">
<div class="uavc-list-icon  " data-animation="" data-animation-delay="03" style="margin-right:10px;"><div class="ult-just-icon-wrapper  "><div class="align-icon" style="text-align:center;">
<div class="aio-icon none "  style="color:#443d84;font-size:16px;display:inline-block;">
	<i class="Defaults-check"></i>
</div></div></div>
</div><span  data-ultimate-target='#list-icon-wrap-1440 .uavc-list-desc'  data-responsive-json-new='{"font-size":"","line-height":""}'  class="uavc-list-desc ult-responsive" style=""></p>
<p> <strong> Invalidité temporaire absolue ou partielle <br />
</strong> &#8211; Rémunération journalière<br />
</span></div></li></ul></div><a href="http://www.conseg.pt/contactos" class="btn-shortcode dt-btn-m dt-btn default-btn-color default-btn-hover-color default-btn-bg-color default-btn-bg-hover-color" id="dt-btn-1"><i class="fa fa-info-circle"></i><span>Contactez-nous</span></a>[/vc_column][vc_column width=&#8221;1/3&#8243;][vc_single_image image=&#8221;1609&#8243; img_size=&#8221;full&#8221; alignment=&#8221;center&#8221;][/vc_column][/vc_row]</p>

<p>[vc_row][vc_column width=&#8221;2/3&#8243;]L&#8217;assurance accidents en milieu de travail est obligatoire par la loi [vc_column_text] L&#8217;assurance contre les accidents du travail est obligatoire par la loi, et parce que personne n&#8217;est libre d&#8217;avoir un accident au travail. Il s&#8217;agit d&#8217;une assurance qui garantit votre stabilité financière et celle de la vôtre, au cas où vous ne seriez&hellip;</p>
